 = -2*r + 18. Suppose -3*b + 2*b = -2*q + 6, r = -2*q - 4*b. Let w(m) = -55*m**2 + m - 5*m**3 - 52*m**2 + 106*m**2. Determine w(q).
-5
Let a be 5/20 + (-2)/8. Let b(h) be the third derivative of -1/120*h**6 + 1/12*h**5 - 7/6*h**3 + 0 + 3*h**2 + a*h + 1/8*h**4. What is b(5)?
8
Let o(c) be the second derivative of -c**5/60 + c**4/12 - c**3/6 + 3*c**2/2 + 3*c. Let x(l) be the first derivative of o(l). Give x(2).
-1
Let n(q) = -q**2 - 2*q + 2. Suppose -3*w = -w - 6. Suppose 3*v - w = 2*z - 7, -5*v + 4 = 2*z. What is n(z)?
-6
Let q(i) be the first derivative of -3*i - 3 - 2*i**2 - 1/4*i**4 - 5/3*i**3. Determine q(-4).
-3
Let y = -11 + 10. Let f(d) = d**2. Let z(q) = 6*q**2 - q - 1. Let c(g) = y*z(g) + 5*f(g). What is c(-2)?
-5
Let x(k) = -k**3 - 5*k**2 + 4*k + 6. Let n be -5 - (0/5)/(-3). Give x(n).
-14
Let s(r) = -5*r + 7. Let f(p) = -14*p + 21. Let o(m) = 4*f(m) - 11*s(m). Suppose -7*y + 2*y + 15 = 0. Give o(y).
4
Let l(q) be the second derivative of -q**3/6 - 5*q**2/2 + 3*q. Let b be (10/(-8))/((-1)/(-4)). Give l(b).
0
Suppose -4*b = 3*b - 28. Let a(v) = -2*v + 4. What is a(b)?
-4
Let f be 4/(-2) + 1 + 1. Let d = f - 0. Suppose 0 = -2*k - d + 6. Let n(l) = l**2 - 7*l + 4. Determine n(k).
-8
Let h(p) = -5*p**2 - 1 + 3*p**2 + 5*p**2. What is h(2)?
11
Let g(c) = c**2 - 2*c - 5. Let b be g(4). Let y(n) = 2*n**2 - n**2 - 7*n**b + 3*n**3. Calculate y(1).
-3
Let a(q) = -4*q**3 + 11*q + 5. Let r(g) = 3*g**3 - g**2 - 10*g - 5. Let o(f) = 4*a(f) + 5*r(f). Let t be (-10 - -5) + 1 + 0. Determine o(t).
3
Let r(o) = -o**3 + 5*o**2 + 10*o - 9. Let t = 85 - 79. Give r(t).
15
Let i(t) = -t**3 + 10*t**2 - 9*t + 5. Let y(p) = 2*p + 3. Let o be y(3). Let b be i(o). Let q(a) = a**2 - 4*a - 5. What is q(b)?
0
Let c(v) = v. Let m(x) = -x + 10. Let z be m(5). Let j(n) = -n**2 + 4*n - 4. Let r(p) = z*c(p) - j(p). Let t(s) be the first derivative of r(s). Give t(3).
7
Let m(b) = b - 12. Suppose 0 = -2*n + 4*c + 24, 0 = 3*n - 0*c - 3*c - 51. Suppose 2*a + 8 = n. What is m(a)?
-5
Let s(g) be the third derivative of g**6/120 - g**5/60 - g**4/12 - 2*g**3/3 - 3*g**2. Give s(3).
8
Let p(m) = -m**2 - 2*m - 1. Suppose 10*x = 25 + 5. Calculate p(x).
-16
Let u(l) = l**3. Let s(a) = 3*a**3 + a - 3. Let z(v) = -s(v) + 4*u(v). Suppose -4*r + 8 = -16. Suppose 2*t = r*t. What is z(t)?
3
Let a = -61 + 56. Let j(t) be the third derivative of -t**5/60 - t**4/6 + t**3/6 - 2*t**2. Determine j(a).
-4
Let t(w) = w**3 - 2*w**2 - 2. Suppose 0 = l - 0*l. Suppose -40 = 4*s + 5*f, -2*s + 5*f = -l*s - 10. Let m be (-12)/(-30) - 8/s. What is t(m)?
-2
Let s(c) = -10*c**2 + 9*c + 18. Let j(p) be the first derivative of -p**3 + 3*p**2/2 + 6*p + 3. Let n(m) = 7*j(m) - 2*s(m). Determine n(5).
-4
Let r(o) be the second derivative of -o**4/6 + o**3/2 + o**2/2 + o. Suppose f + 10 = -4*i, -4*f + i + i + 32 = 0. Let z = -3 + f. Determine r(z).
-8
Let w(z) = z**3 - 4*z**2 + 4*z - 4. Suppose -2*d + d - 9 = 4*r, -2*d = -3*r - 15. Give w(d).
-1
Let g(m) = -1 - 5*m - m**2 + 5*m + 3*m. Let h = 7 - 4. Calculate g(h).
-1
Let q be 14 - (-3)/((-6)/(-4)). Suppose 4 + q = 5*y. Let x(k) = -k**3 + 4*k**2 - k - 2. What is x(y)?
-6
Let t(x) = 2*x - 9 - 12 + 28. Let k = 14 - 20. What is t(k)?
-5
Let o(u) = u**2 + 5*u - 1. Let n = -4 - -6. Suppose 15 = q + n*q. Suppose -3*s = q*v + 28 - 4, -3*s + 2*v = 3. Calculate o(s).
-7
Let q = -10 - -6. Let k be (-16)/(-9) + 20/90. Let t(u) = 5*u - 3*u - k*u + 3*u + 6. What is t(q)?
-6
Suppose -3*x + 12 = 4*n + 3, 2*n = 3*x - 9. Let t(a) = a**2 - a. Determine t(n).
0
Let l(o) = -2*o - 1. Let p(w) = -w - 1. Let v(d) = -3*l(d) + 4*p(d). Give v(-2).
-5
Let n(y) = -9*y**2 - 5*y**3 - 8*y + 4*y**3 + 7 - 2. Let b be n(-8). Let k(j) = j**2 + 2*j**2 + 2*j - b*j. What is k(2)?
6
Let t(n) = 5 + 4 - 5 + 11*n - n**2 + 3. Give t(11).
7
Let i(y) = -y + 1. Let b(f) = -4*f + 8. Let k(r) = -b(r) + 3*i(r). What is k(6)?
1
Suppose -27 - 1 = 4*i - 2*f, -4*i - 2*f - 12 = 0. Let m(b) = 20*b + 15. Let p(j) = 7*j + 5. Let a(r) = 4*m(r) - 11*p(r). What is a(i)?
-10
Let l(t) be the first derivative of -t**4/4 + 4*t**3/3 - 3*t + 4. Give l(4).
-3
Let z(i) = i**2 + 5*i + 3. Let c be z(-4). Let w(d) = 4*d**2 - 2*d**2 - 2*d**2 + 6*d**2. Determine w(c).
6
Suppose 0 = 3*v - 4*j - 39, 3*j - 5 = 5*v - 59. Let m(z) = 10 + 14*z**2 + z - 18 + v. What is m(-1)?
14
Let l(p) = -10*p + 13. Let m(k) = -3*k + 4. Let i(v) = 4*l(v) - 14*m(v). Calculate i(4).
4
Suppose -5*j = -0*j + 5*c - 25, -13 = j - 5*c. Suppose j*r = -3*r. Let a(p) = -p**3 - 3. Give a(r).
-3
Suppose 5*t - 2 = 3. Suppose 0 = -4*m + 8, -5*i + 2*m = -0*m - 21. Let o(v) = 5 - i - v - 2*v**3. What is o(t)?
-3
Suppose 4*u = -0*u - 12. Let f(n) = n**2 + 3*n - 3. Determine f(u).
-3
Let x(n) be the first derivative of n**4/3 + n**3/6 - n**2/2 + 1. Let w(o) be the second derivative of x(o). What is w(-1)?
-7
Let a(n) be the third derivative of -n**6/120 - 3*n**5/20 - 7*n**4/24 - n**3/2 - 11*n**2. Calculate a(-8).
-11
Let z(c) be the first derivative of c**4/4 + c**3/3 + c**2/2 + 8*c + 22. Calculate z(0).
8
Suppose -27 = 2*u - 19. Let x(d) = -d**2 - 3*d + 2. What is x(u)?
-2
Let g(m) = -24*m**2 + 4. Let n(k) = 71*k**2 - 11. Let q(j) = 8*g(j) + 3*n(j). Give q(1).
20
Suppose k = 5*k. Suppose 2*z - 4*a = k, -2*z - 1 = -0*z - 5*a. Let q = 1 + z. Let p(i) = i**2 - i + 4. Calculate p(q).
10
Let o(g) = g. Let r be 24 + 1/2*-4. Let l = r + -22. Give o(l).
0
Suppose 8*t = 3*t + 15. Suppose t*i = -l + 11, 3*l + 5*i = -2 + 15. Let m(d) = -5*d + 7. Let f(z) = -z + 1. Let p(b) = 6*f(b) - m(b). What is p(l)?
3
Let c(m) be the third derivative of -m**4/24 - 11*m**3/6 + 19*m**2. What is c(-9)?
-2
Suppose -2*p = -5*p + 15. Let y(z) = z**3 - 4*z + p*z - 57*z**2 + 58*z**2. Determine y(-1).
-1
Let p(k) = -5*k**2 + 1. Let d(q) = 26*q**2 + q - 5. Let w(c) = -2*d(c) - 11*p(c). What is w(2)?
7
Let k(d) = 2*d + 4. Suppose -3*h + 2 = 4*a - 10, 9 = 3*a. Let s = h + -4. Calculate k(s).
-4
Let z(c) be the second derivative of 2*c - 3/2*c**2 + 1/2*c**3 + 0. Let a = 1 - -1. Calculate z(a).
3
Suppose -4*n + 10 = -2*n. Let j(d) = 7*d - 2. Let v(h) = -20*h + 7. Let p(u) = -11*j(u) - 4*v(u). Give p(n).
9
Let d(g) = g**3 - 4*g**2 + 2*g - 3. Let t = -3 - 6. Let h = t - -12. Calculate d(h).
-6
Let d(n) = -n**3 - n**2 + n. Let w(r) = -4*r**3 - 4*r**2 + 2*r + 8. Let s(l) = 3*d(l) - w(l). Let h(z) = -z**3 - 7*z**2 - z - 7. Let m be h(-7). Determine s(m).
-8
Let w be (3 - 4)*(-1 + 2). Let z be 2 + (-1)/w*-11. Let l = 14 + z. Let s(n) = n**2 - 7*n + 6. Give s(l).
-4
Let n(b) = -b**2 - 7*b + 4 - 6 - 6. Let p = -35 + 29. What is n(p)?
-2
Let h(v) be the third derivative of -v**2 + 0*v + 0*v**3 - 1/30*v**5 + 0 + 1/8*v**4. Calculate h(3).
-9
Let h(u) = -8*u**2 + 1. Let m be 8 + -1 + -1 + 1. Suppose -m = b + 4*n, -3*b - n - 3 = 2*n. Suppose -b = -0*l - l. What is h(l)?
-7
Let o be (-10)/40*(-8)/1. Let k(f) = -2*f. Determine k(o).
-4
Let m(h) = 13*h - 29. Let l(v) = -3*v + 7. Let q(r) = 9*l(r) + 2*m(r). Give q(0).
5
Suppose 4*o - 9 = 2*j + 7, 4*j = 2*o - 14. Let r(n) = o*n - 2*n**2 + 0 + 4 - 2. What is r(3)?
-7
Let n(s) = -s**2 + 8 - 3 - 4*s**3 + 5*s**3. Suppose 6 = -5*v - 3*u, 2*v + 4 = -3*u - 2. Determine n(v).
5
Let d(j) = j**3 - 4*j**2 + 2*j. Let h(p) = 2*p + 9. Let c be h(-4). Let k = 2 + c. What is d(k)?
-3
Let m(d) = 7 - 5 + 7*d**2 + d**3 - 11*d**2 - 3*d. What is m(5)?
12
Let l = 2 - 2. Let w(d) = -4*d - 15. Let y(h) = h + 4. Let i(u) = -2*w(u) - 9*y(u). Give i(l).
-6
Suppose -2*v + 0 = 8. Let q(d) = -d**2 - 2*d + 2. Give q(v).
-6
Let b(w) = w**2 - w - 1. Let o(x) = 2*x**2 - 7*x - 2. Let v(t) = -b(t) + o(t). Let h = 18 + -12. Determine v(h).
-1
Suppose -5*b + 16 = -b. Let f(r) = -r - 4. Let m(n) = 2*n + 7. Let k(x) = 7*f(x) + 4*m(x). Determine k(b).
4
Suppose -7*h + 15 = -2*h. Let y(k) be the first derivative of 3*k**2/2 - 7*k - 3. Let d(a) = a - 3. Let s(p) = -5*d(p) + 2*y(p). Determine s(h).
4
Let r(i) = -i**2 + 7*i + 10. Let x be r(8). Let c = x + 1. Let l(q) = q**2 - 2*q + 1. Determine l(c).
4
Suppose -5*z = 4*g - 0 + 2, 8 = 2*g - 2*z. Let i(y) = -g*y - 2 + 5*y + 1 - 2*y. Calculate i(-5).
-6
Let g(k) = 4*k**3 - k**2 - k + 4. Let r(l) = 5*l**3 - 2*l**2 - l + 5. Let v(h) = -6*g(h) + 5*r(h). Let c = 0 - -2. Let f be (0 - c/(-5))*5. Determine v(f).
-5
Let v(h) = -282*h + 2 + 283*h - 2. Let w(n) = -n - 2. Let o b